6. Suppose -b + 1286 = -10*g + 13*g, g + l = b. Is b a prime number?
True
Let v(o) = -o**2 + 19*o - 34. Let k be v(18). Is (1 + 4401/5)/(k/(-40)) prime?
True
Let o = 181575 - -8362. Suppose 19*y + 12*y - o = 0. Is y composite?
True
Let v(b) = -42*b**3 - 2*b**2 - b. Let y be v(-3). Let l = 5361 + -5337. Suppose 27*z - y = l*z. Is z prime?
True
Let s = -191562 + 364409. Is s prime?
False
Suppose 75*s - 81*s - 3960 = 0. Is (19 + 0)/(-4 + s/(-164)) prime?
False
Let x(v) = -21*v**2 - 10*v**2 - 4 + 104*v**2 - 5*v - 24*v**2. Is x(-2) a prime number?
False
Suppose 10*k - 19888 = 2*k. Suppose -486 = -5*v - k. Is 1/(-2)*(-2 + v) a composite number?
True
Let n be 1/(10/(-12))*(-350)/42. Suppose 0*a - n*a = -75800. Is a/14 + (-24)/56 prime?
True
Suppose -4*i + 28 = -4*j, 5*i + 13*j = 9*j + 8. Suppose -515 + 4263 = i*b. Is b composite?
False
Suppose 145133 = f - 2*g, 241480 = 4*f + 2*g - 339032. Is f composite?
True
Let o(s) = 102*s**2 + 5*s - 4. Let a be o(-15). Let t = -351 - -9929. Suppose -9*v - t = -a. Is v prime?
False
Is (1 + -6)*577/(((-10)/(-298))/(-1)) a prime number?
False
Suppose 3*q + 3*w = 745836 + 19641, -4*q + 3*w = -1020615. Suppose -q = -21*u - 78357. Is u a composite number?
False
Suppose 2*w + 16744 = 66286. Suppose 129*t = 126*t + w. Is t a prime number?
False
Let g(v) = 56*v + 109. Let x(s) = -s**3 - 20*s**2 - 20*s - 13. Let p be x(-19). Is g(p) prime?
False
Let n = 17 - 18. Suppose 2*b + 5924 = q, 3*b - 14810 = 8*b - 2*q. Is 6/(4 + n) - (-1 + b) a prime number?
False
Let m(y) = 610*y - 51. Let j be m(-7). Let a = j + 10176. Is a a prime number?
False
Let i(k) = -27*k**3 - 5*k**2 - 24*k + 7. Is i(-4) prime?
False
Let q be 11290*((-6)/4)/(4 - 1). Let o = q + 20614. Is o a prime number?
True
Let d be (-2)/14 - ((-2389860)/35)/(-9). Let b = d + 13046. Is b a prime number?
False
Let f(x) = 10389*x**3 - 9*x + 22. Is f(3) composite?
True
Let r(v) = -v**3 - 22*v**2 + 22*v - 22. Let q = -44 + 21. Let z be r(q). Is 3*(0 - z) - (23 + -1569) a composite number?
False
Let j = -5 - -125. Is j - (-1)/((-6)/30) prime?
False
Suppose 3*j + 7*j = 47170. Suppose 5*v + 5087 = 2*a - 4351, -a + 3*v = -j. Is a composite?
False
Let g(u) = 466*u**2 - 133*u - 1687. Is g(-18) composite?
True
Let k(o) = -989*o + 3231. Is k(-38) a prime number?
True
Let w(m) = -m + 25. Let g be w(23). Is 11 + 10 + -23 - (-75250)/g prime?
False
Suppose -255 = 8*n - 59*n. Let d(p) = -52*p**2 - 10*p - 2. Let z(j) = -156*j**2 - 30*j - 7. Let f(i) = 8*d(i) - 3*z(i). Is f(n) prime?
False
Let y = 1096748 + -563839. Is y a composite number?
True
Let z = 666097 - 467198. Is z a prime number?
True
Let x(v) = -17 - 11 + v**2 + 3 + 5*v - 6*v. Let p be x(6). Suppose -7*w + 2*w - p*m + 1555 = 0, -2*m + 8 = 0. Is w a prime number?
True
Let w = -298115 + 1240558. Is w prime?
False
Is (-2 - -1*(8 - 5))/(2/76646) a composite number?
True
Is -16 + (-3 - -43561 - 1) prime?
True
Let y(s) = -s**3 - 8*s**2 + 11*s - 40. Let z be y(-10). Is -13 + 620/z + 94198/5 a composite number?
False
Suppose 2*x - 20 = -3*x. Let c(q) = -3*q + 50. Let u be c(15). Suppose 3*g + 2*w - 4869 = 0, 0*w = -x*g - u*w + 6499. Is g prime?
True
Suppose -82966 = 21*m - 142. Let j = m - -12105. Is j a prime number?
True
Suppose 5*d = 4*j + 559725, 8*d - 2*j = 9*d - 111959. Is d composite?
False
Let s = 240348 - 45113. Is s composite?
True
Is 68924/(-3)*1848/(-224) a composite number?
True
Let o be 18/15*(-225)/(-18). Is o/6*((-5093)/(-5) + 3) prime?
False
Suppose 9*w - 35 = 2*w. Suppose 49493 = w*x + 4*g, 5*x + 11*g - 10*g - 49487 = 0. Is x a prime number?
False
Suppose 2*s = 3*s - 4, 3*l + 3*s + 45 = 0. Let x = 257 + -111. Let q = l + x. Is q composite?
False
Let m(s) be the third derivative of -181*s**4/12 - 223*s**3/6 - 32*s**2. Is m(-6) prime?
True
Let j(x) = x**2 + 16*x + 8. Let z be j(-17). Suppose 11*i = 16*i + z. Let d(g) = -18*g + 1. Is d(i) prime?
False
Let b be 4/((20/(-25))/(-1)) - 5. Suppose b = -64*l + 74*l - 39670. Is l a composite number?
False
Is (-10*2/40)/((-1)/(0 - -258682)) a prime number?
True
Let i(y) = -4*y + 32. Let a be i(8). Suppose 7*n = -a + 56. Is (39822/(-15))/(n/(-20)) a composite number?
False
Suppose 254202 = 2*t + 4*q - 3*q, 0 = t + q - 127099. Is t prime?
True
Suppose 3*p - 2265 = 5*o, 0 = 5*o + 4*p + 1208 + 1092. Let r = -2275 - -1502. Let x = o - r. Is x composite?
False
Let s be (0 - 3)*(3 + (-11)/3). Is 4146 + (s - 12/4) a prime number?
False
Suppose 3*n - 4*b - 197 = 0, b + 289 - 22 = 4*n. Is 2*1 - (n + -2698) prime?
True
Suppose -2*x - 5*v + 1201907 = 0, -917388 = -x - v - 316448. Is x prime?
True
Let q(u) = 132590*u**2 - 16*u - 17. Is q(-1) a composite number?
False
Let q(w) = -w**2 - 8*w - 11. Let u be q(-6). Is (-3131502)/(-132) + u/(-2) composite?
True
Suppose 135707 = v + 4*h, 5*h = 2*v - 147867 - 123495. Is v prime?
False
Let t = 130825 + -59454. Is t prime?
False
Suppose 5*k + 444 = 4*f - 2399, 3*f + 4*k = 2171. Let t = f + 1774. Is t a prime number?
False
Let x = -62188 - -91321. Suppose 85986 = 9*w - x. Is w a prime number?
True
Suppose 3*o - 10051 = -2*d + 7996, -2*o + d = -12036. Let q = o - 1576. Is q prime?
True
Let s(j) = -29*j**3 - 2*j**2 - 2*j - 1. Let y be s(-1). Suppose x - 50 = -15*x - 9*x. Is y/x*4431/42 a prime number?
False
Let q(k) = -3818*k**3 - 11*k**2 + 8*k + 18. Is q(-5) composite?
True
Suppose 3*o - 2*o + 5*p + 21 = 0, 0 = 3*p + 15. Let l be (0 - -12)*5/10. Is l*o/(-6)*7/(-2) a prime number?
False
Let r(m) = 1677*m + 6. Let j be r(1). Suppose -c - j = 4*o - 23075, -c = 3*o - 16045. Is o a composite number?
False
Suppose 4210*d - 4289*d = -52793093. Is d a prime number?
False
Suppose -5*o + 132 = -o. Suppose o*n - 35*n = -392. Suppose 244 + n = 8*a. Is a prime?
False
Suppose -9*p - 46583 = -2*p - 44*p. Is p prime?
True
Suppose -6*n + 24 = -3*n. Suppose -r + n = -f, 0*f = -4*f - 20. Suppose -3*a + 483 = -3*y - 0*y, r*a = 4*y + 487. Is a a composite number?
False
Suppose 0 = -7*z + 17*z - 470. Suppose z*o = 15*o + 92320. Is o a composite number?
True
Let o = -1805 - -13626. Is o a prime number?
True
Let o be (-2)/(-5) + 92/(-230). Suppose 4*m + 2737 + 4594 = c, 2*c - 5*m - 14647 = o. Is c prime?
False
Suppose -3469417 = -29*d + 3*d + 4274449. Is d a composite number?
False
Suppose -9*r - 51571 = -22*r. Is r/(((-14)/154)/((-2)/22)) a prime number?
True
Let x(f) = -15*f**2 - f - 1. Let i be x(-2). Let r = i + 57. Is (-1)/((-3)/(-18)*r) - -1354 a composite number?
True
Let k = 289 + -279. Let b(f) = 36*f**2 - 17*f + 3. Is b(k) a prime number?
True
Let d be ((-84)/9)/(3/(-1566)*-3). Let g = 2735 + d. Is g a composite number?
True
Suppose -3*n - 680626 = -4*a, -2*a - 3458*n + 3459*n + 340316 = 0. Is a composite?
True
Let k be ((-168)/(-126))/(-1 - 23/(-21)). Let n be (k/(-8))/((-2)/8552 - 0). Suppose 0 = 53*g - 46*g - n. Is g a composite number?
False
Let x(j) = 554*j**2 + 10*j - 25. Let n be x(10). Suppose 4*g + n = 3*i, -18480 = -i - 0*g - g. Is i a composite number?
True
Let s(m) = 1639*m**2 + 47*m + 1. Is s(-3) a composite number?
True
Suppose -2*h = 2*i - 0 - 18, 2*h = 2*i - 22. Suppose 6*u + i*u = 8528. Is u prime?
False
Suppose 602 = 33*m - 31*m. Suppose -t = q - 199, -3*q + 886 = -t + m. Suppose -6*n + 2498 = -q. Is n prime?
True
Suppose 18*n - 8*p - 6177375 = 13*n, -2470981 = -2*n - 3*p. Is n a prime number?
False
Let y = -1198 + 3777. Is y a composite number?
False
Let c(f) = -41*f**3 + 15*f**2 - 10*f - 509. Is c(-20) prime?
True
Let m(a) be the third derivative of a**4/12 - 13*a**3/6 - 15*a**2. Let k be m(9). Suppose -k*t + d + 773 = -0*t, 3*d + 304 = 2*t. Is t prime?
False
Suppose -33 = 2*m - 37. Let j(c) = -4*c**3 - c**3 + 6*c**3 + m*c + 0*c**3 + 339. Is j(0) a composite number?
True
Let q(d) = -d**3 - 2*d**2 + 2*d - 5. Suppose 5*o - 5*k - 16 + 6 = 0, 5*k + 34 = -3*o. Let v be q(o). Let a(c) = -10*c**3 + c**2 - 3*c - 5. Is a(v) composite?
True
Is ((-30)/20)/((-3)/(-6))*(-5219)/3 a composite number?
True
Suppose 28 = 5*b - 2*b - 2*q, 5*b - 2*q - 48 = 0. Suppose 4540 = 14*w - b*w. Let f = w + -716. Is f prime?
True
Let b(t) = 10*t + 897. Let a(v) = 21*v + 1793. Let r(x) = -2*a(x) + 5*b(x). Let u = 7664 + -7664. Is r(u) a prime number?
False
Let t = 7192 - -21445. Is t a composite number?
True
Suppose -12*k = -64629 + 5577. Suppose c = 4*c + 3*t - 4905, -